-16). Suppose 125*l - a = 124*l. Suppose 3*k + l = 32. What is c(k)?
-15
Let p(i) = 4*i**3 - 5*i**2 - 60*i + 116. Let g be p(2). Let n(x) = -x**3 + 6*x**2 + 16*x + 4. Determine n(g).
4
Let x(k) = -19*k**3 - k. Let f be x(-1). Suppose -4*n + f + 0 = 0. Let c(z) = 260*z + 25. Let r(h) = -46*h - 4. Let w(m) = -3*c(m) - 17*r(m). Give w(n).
3
Suppose 0 = 3*m - 4*j + 19, 5*m - 30 = -3*j + 6. Let q(o) be the second derivative of 0 + o + 1/20*o**5 + o**2 - 1/2*o**4 + 1/3*o**m. What is q(6)?
14
Let r(j) be the second derivative of 31*j**5/120 + j**4/24 - 56*j**3/3 + 6*j + 17. Let i(h) be the second derivative of r(h). Give i(-1).
-30
Let c be (3/(-12))/(1/(-12)). Let y(o) = o + 3*o - c*o + 0 - 5. Let v be 49/14*(-72)/(-28). What is y(v)?
4
Let w(g) be the second derivative of -2*g**3/3 + 2*g**2 - g - 7. Determine w(6).
-20
Let g(s) be the first derivative of -s**4/2 - 5*s**3/3 + 12*s + 5224. Determine g(-3).
21
Let a(f) = 14*f**2 - 2*f + 1. Let l be (-528)/(-253) - (0 + (-14)/(-161)). Determine a(l).
53
Let p(t) = -t + 1. Suppose -4*n + o + 7 = 1, 0 = 4*o - 8. Let u(b) = -3*b + n*b + 0*b. Let i(f) = -4*p(f) + 3*u(f). What is i(3)?
-1
Suppose 4*m - 25 = -5*s, -4*s + 7 = 2*m - 7*s. Suppose -m*y + 6*y + 4*d = 21, -54 = -4*y - d. Let n(j) = -2*j + 22. What is n(y)?
-4
Let t(d) = -7*d**2 - 15*d + 75. Let r(n) = -2*n**2 + n - 2. Let o(f) = -4*r(f) + t(f). Determine o(12).
-1
Let s(b) be the first derivative of 2*b**3/3 - 1. Let m(w) = 4*w**3 - 7*w**2 - w - 2. Let u be m(2). Suppose -2*p - 10 + 6 = u. What is s(p)?
8
Let y(b) = -7*b**3 - 4*b - 6*b**3 - 3*b**3 - 4*b**2 + 17*b**3 + 4. Give y(5).
9
Let j(d) be the third derivative of 16*d**2 - 1/24*d**4 - 3/2*d**3 + 0 + 0*d. Suppose -16*m = -14*m + 18. Calculate j(m).
0
Let z = -9830 - -9823. Let o(y) = -y**3 - 9*y**2 - 11*y + 3. Calculate o(z).
-18
Let j(q) = q - 12. Suppose 9*p = 3*p. Suppose 8 = -3*l + 23. Suppose -t + l*t = p. Calculate j(t).
-12
Let y = 0 - -2. Let t(x) = 113*x + 64 - 222*x + 64 + 116*x - 131. What is t(y)?
11
Let f(g) = -2*g + 8. Let z(t) = -t + 1. Let w(j) = f(j) - 4*z(j). Let m(c) = 2*c**2 - 7*c - 7. Let y be m(-1). Suppose y*h = -6 - 0. What is w(h)?
-2
Let y(a) = -3*a + 2. Let c = -188 - -264. Let w = 74 - c. Calculate y(w).
8
Let g(v) = -v**3 + 9*v**2 + 10*v + 4. Let t(w) = 4*w**2 + 6*w + 5. Let z be t(4). Let k = z - 83. Let c be g(k). Let p(o) = o**2 - 10*o + 6. Determine p(c).
-18
Let s(r) = -r**2 - r + 5. Suppose -3*k = -10*k - 6*k. What is s(k)?
5
Let z(m) = -7*m - 21. Let h be 12 - 1 - 1246/89. Calculate z(h).
0
Let r = 585 - 581. Suppose -19 = 3*j + 5. Let w be 8 + j/r + 2. Let f(h) = -h**2 + 10*h - 6. What is f(w)?
10
Let k(u) = 19*u**2 + 4*u - 3. Let l(w) = w**3 + 8*w**2 + 10*w - 24. Let j be l(-5). Calculate k(j).
20
Let x(n) = n**3 + 7*n**2 + n. Let b(k) = -k**2 - 12*k + 34. Let p be b(-14). Let y be ((-1144)/(-24))/((-2)/p + 0). Let d = y - -136. What is x(d)?
-7
Let j(d) = -186*d**2 + 2*d + 12. Let q(o) = -149*o**2 + o + 12. Let f(i) = 4*j(i) - 5*q(i). Calculate f(4).
16
Let s = -1243 - -1240. Let f(y) = 4*y**3 + 3*y**2 - 3*y - 3. Calculate f(s).
-75
Let j(z) = -2 + 6*z + 466*z**3 - 190*z**3 - 138*z**3 - 141*z**3 + 17*z**2. Calculate j(6).
-2
Suppose 3*k - 7*k + 4 = r, 5 = 5*k - r. Let d(o) = 1 - 2 + 1139*o**2 - 1144*o**2. Give d(k).
-6
Let f(m) = 29*m - 1 + 12*m**2 + 25*m - 60*m + 9*m. Calculate f(2).
53
Let i(a) be the second derivative of -a**3/6 - a**2 - a. Let d(f) = f**3 + 189*f**2 - 174*f + 3037. Let s be d(-190). Give i(s).
1
Let o(v) = -v**2 - 34*v. Let c(i) = 3*i**2 + 113*i + 3. Let n(j) = 2*c(j) + 7*o(j). Calculate n(-10).
26
Let t(g) = -17*g + 17. Suppose 4*v - 8 = 5*u, 33*u - 38*u + 2 = v. Give t(v).
-17
Let t(x) = 20871 - 9*x - 2*x + x**3 - 10*x - 20868 + 0*x**3 - 7*x**2. What is t(9)?
-24
Let u(b) = -b**2 - 3*b - 2. Suppose 7*w + 7 = 42. Suppose 2*g - 57 = -w*q, -g + 15 = 2*q - 13. Let k = -30 + g. Give u(k).
-6
Let z(t) = 14*t**2 + 2*t - 1. Suppose -93*m + 57*m - 792 = 0. Let d(o) = o**3 - 5*o**2 + 6*o - 7. Let v be d(5). Let p = v + m. What is z(p)?
15
Let p(u) be the second derivative of -3*u**3 - 48*u**2 + 2*u + 971. Calculate p(-5).
-6
Suppose 35*d + 204 = 799. Suppose 2*z - d*g = -13*g - 8, 4*z = g - 2. Let s(w) = w + 43. What is s(z)?
43
Suppose -5*z = 2*w + 27, 351*z - w = 349*z - 9. Let q(s) = -4*s + 7. Let c = 6 + -11. Let t(x) = -5*x + 6. Let h(i) = c*t(i) + 6*q(i). Give h(z).
7
Suppose b = 9*n - 4*n - 170, -102 = -3*n - 5*b. Let v(q) = -q**2 + 35*q - 38. Determine v(n).
-4
Let b(m) be the third derivative of m**6/120 + m**5/10 - 5*m**3/6 + m**2. Suppose 0 = 6*s - 5 + 29. Let o = -10 - s. Calculate b(o).
-5
Suppose -i - 2 = -2*i. Let k be 6*i*1/(-2). Let u(w) = w + 16. Let a(l) = -l - 19. Let g(x) = 5*a(x) + 6*u(x). Determine g(k).
-5
Let s(q) = -2*q**2 + 5*q - 71. Let v(m) = 5*m**2 - 15*m + 143. Let i(c) = 7*s(c) + 3*v(c). Calculate i(14).
-12
Let j(k) = 10*k**3 + 2*k**2 - k - 2. Suppose -39*d + 1944 = 1983. Give j(d).
-9
Let s(h) = -h**2 + 6*h - 8. Suppose 0 = -p - 110 + 37. Let q be (-1*79)/((-3)/3). Let i = p + q. Give s(i).
-8
Let b(v) = v**2 - 4*v - 3. Let r(l) = -l. Suppose 7 = 3*q - 4*t, -5*q - 2 = 3*t - 4. Let c(z) = q*r(z) - b(z). Let g(i) = -14*i + 47. Let y be g(3). Give c(y).
-7
Let s(o) = 1007*o + 1345*o + o**3 - 2179*o + 39 + 27*o**2. Calculate s(-17).
-12
Let u(w) be the third derivative of 17*w**4/24 - 41*w**3/6 - 12*w**2 + 126*w - 2. Calculate u(9).
112
Let x(b) = b**2 + 1. Let s(g) = 2*g**2 - 6*g + 5. Let r(h) = s(h) - 4*x(h). Let v(o) = o**2 + o. Let y(d) = -r(d) - 4*v(d). Determine y(4).
-25
Let c(y) = 11*y**2 + 17*y - 43. Let a(f) = 6*f + 3*f**2 + 8*f**2 - 14 - 8*f**2. Let k(o) = 7*a(o) - 2*c(o). Calculate k(9).
-21
Let z(w) = -277*w**3 - 275*w**3 + 554*w**3 + 3 - 2*w. Give z(0).
3
Let b(u) = u + 1. Let f(w) = 1. Let g be (18/(-30))/((-4)/20). Let s(p) = g*f(p) - b(p). Give s(7).
-5
Let r be (-2)/32 + 12516/(-448) + 30. Let p(j) = -11*j**2 - 3*j + 5. What is p(r)?
-45
Let r(b) be the first derivative of -b**4/4 + 26*b**3/3 - 14*b**2 + 46*b + 1916. What is r(25)?
-29
Let r(a) = -a**2 - 4*a - 2. Let f be (-1 - (-70)/(-6))*(-261)/(-58). Let q = 64 + f. Suppose -q*v + 3*v + s - 29 = 0, -v = 5*s - 19. Give r(v).
-14
Let b(v) = -10*v - 1. Let w be 1/((5/1695)/(-1)). Let u = -338 - w. What is b(u)?
-11
Let r(t) = -t**2 + 3*t + 18. Let b(m) = -5*m**2 + 14*m + 91. Let i(z) = -4*b(z) + 22*r(z). Let q be i(7). Let s(k) = -k**3 + 5*k**2 - 5*k + 8. Calculate s(q).
4
Let w be 1 - (-8 - 0 - -2). Let a(u) = -w - u + 7*u - 3*u. Let q be (-4239)/(-628) + 7*1/(-4). Give a(q).
8
Let m(z) = z**2 - 4*z + 2. Let r be (60/(-33))/(-10) - (-862)/(-22). Suppose 5*u - 227 = 3*a, 0 = -3*u + 2*u + a + 47. Let i = u + r. Determine m(i).
2
Let d(g) = -80 + 570*g - 579*g + 93. Give d(-4).
49
Suppose 14*j - 434 = -203*j. Let i = 19 + -12. Let w(n) = 3 + 4 - n**3 - i. Determine w(j).
-8
Suppose -24 - 20 = -11*m. Let v(y) = -10*y**2 + m + 15*y**2 - 6*y**2 - 8*y. Calculate v(-7).
11
Suppose 4 = -2*h - 0, 2*h = t - 39. Let i(o) = t*o + 4*o**3 - 6*o**3 - 31*o + 3. Let c(y) = -2*y - 10. Let q be c(-4). What is i(q)?
11
Let a = 8104 - 8106. Let u(v) be the first derivative of -v**2 - 1. Give u(a).
4
Let h = 0 - 4. Let j(k) = 13*k**3 - 2*k**2 + 5. Let s(z) = -20*z**3 + z**2 - z - 7. Let o(f) = 3*j(f) + 2*s(f). Calculate o(h).
9
Let t(c) = 3*c**2 - 7*c - 12. Let x be t(-2). Let u(i) be the first derivative of 13 + x*i + i**2 - 27*i + 15*i. What is u(-3)?
-4
Let p = -687 + 686. Let s(h) = -5*h + 9. Let z(l) = -2*l + 1. Let r(q) = p*s(q) + 2*z(q). Determine r(5).
-2
Let n = 6927 - 6919. Let d(y) = 7*y - 57. Give d(n).
-1
Suppose 3*f - 5 = -q, 3*q + 0*f + f - 7 = 0. Suppose -3*x = -5*x + q. Let g(n) = -x - 2 + 3 - 5*n**2 - n. Determine g(-1).
-4
Suppose -4*i - 336 = -8*i. Let k be i/(-294) - 46/(-14). Let o(n) = 3*n**2 - 3*n - 4. Calculate o(k).
14
Let p(l) = l**2 - l. Let y be p(-1). Let t(v) = -5*v + 1 + 6*v**2 - 3*v**y - 10*v**2 + 8*v**2. Calculate t(5).
1
Suppose 4 = c + b, 5*c - 5*b = 4*c + 10. Suppose -c*f + 9 + 6 = 0. Let o(t) be the first derivative of -t**3/3 + 2*t - 1881. Determine o(f).
-7
Let u(h) = -h**2 + 19*h - 24. Let a be u(18). Let n(q) = -q**3 - q**2 - 48456*q - 4 - 6*q**2 + 48450*q. Determine n(a).
-4
Let r(s) = 291*s - 47. Let o(k) = -45*k + 8.